divided by 3.
0
Let a = 1 - -2. Suppose h + 4*o = 79, -2*h + 132 = -8*o + a*o. Calculate the remainder when h is divided by 18.
17
Suppose -6 = -2*s - 0. Calculate the remainder when s is divided by (-209)/(-66) + (-1)/6.
0
Suppose -2*c - 2*a = -0*a - 8, -2*c + 5 = 5*a. Suppose -k = -5*t + 2*t - 18, 4*t = k - 21. What is the remainder when k is divided by c?
4
Calculate the remainder when 166/10 - 30/(-75) is divided by 13/(-2)*-2 + -3.
7
Suppose -4*n + 129 - 9 = 0. Suppose -n = -3*i + i. Let w = -142 + 169. Calculate the remainder when w is divided by i.
12
Suppose 151 = 2*j + 9. Suppose 5*f + i + 2*i = j, -4*f - 2*i + 56 = 0. What is the remainder when 24 is divided by f?
11
Let b(s) = s**3 + 5*s**2 + s - 2. Let u be b(-4). Let z = u - 22. What is the remainder when 198/z*(-2)/3 is divided by 6?
5
Let h be 0/((0 - -2)/(-1)). Suppose h = -5*m + 8*m - 189. Calculate the remainder when m is divided by 16.
15
Suppose -19*t = -20*t + 7. Calculate the remainder when 21 is divided by t.
0
Let b(l) = -l. Let v be b(-1). Let z = v - -4. Suppose -z = -2*a + 3. What is the remainder when 10 is divided by a?
2
Suppose 155 + 155 = 5*s. Calculate the remainder when s is divided by 21.
20
Let k(g) = 5*g**2 + g + 3. Suppose 5*a + 9 = -3*c + 37, -24 = -5*c + 3*a. What is the remainder when k(-2) is divided by c?
3
What is the remainder when 11 is divided by -4 - -1 - 20/(-2)?
4
Let l = 41 - 24. Calculate the remainder when l is divided by (15/(-9))/(70/(-252)).
5
Let b(v) = v + 7. Let p = -16 + 24. What is the remainder when 29 is divided by b(p)?
14
Let q(p) = -1 - 2*p - 3 + 0 + p**2 + 5*p. Let k be q(-4). Suppose -f + 18 = 3*j, k*f = -4*f - 4*j + 96. What is the remainder when f is divided by 7?
6
Suppose 5*h + 4*d + 123 = 0, d - 67 = 3*h + 17. Calculate the remainder when (-6)/h - 464/(-18) is divided by (-136)/(-10) + (-2)/(-5).
12
Let o = 47 - 23. What is the remainder when 44 is divided by o?
20
Let c = 44 - 32. What is the remainder when 70 is divided by c?
10
Suppose -n = -2*n. Suppose n = -2*m - 0 + 2. What is the remainder when 2 is divided by m?
0
Suppose -2*c = -5*c. Let n = 8 + c. Suppose 3*z - 61 - 8 = 0. Calculate the remainder when z is divided by n.
7
Suppose 0 = -i - 3, -3*c + 3*i = -2*i - 21. Suppose -2*x + 32 = 4*v, 2*v - 5*x = -c*v + 46. Calculate the remainder when 19 - ((1 - 0) + 1) is divided by v.
8
What is the remainder when 40 is divided by (-42)/8*(-88)/33?
12
Suppose 2*c - 1 = b, 4 = 3*c + 2*c - 2*b. Calculate the remainder when 7 is divided by c.
1
Suppose -4*z = -3*i - 38, 4*z - 6*i + i = 42. What is the remainder when 13 is divided by z?
5
Let a(x) = 4*x**2 - x - 6. What is the remainder when a(3) is divided by (2 - -8) + 0/2?
7
Let d = -54 - -74. Calculate the remainder when 78 is divided by d.
18
What is the remainder when 21 + (-1)/(-1) + (3 - 3) is divided by 8?
6
Let q(v) = v**2 - 2*v - 4. Let z be q(3). Calculate the remainder when (-10)/(-5) - z*17 is divided by 7.
5
Let p(u) be the third derivative of -u**5/60 - u**4/3 - u**3/2 + u**2. Let w be p(-5). Suppose w*l - 13*l = -55. What is the remainder when l is divided by 14?
13
Suppose -4*m = n - 18, 5*m = -2*n + 16 + 8. Suppose 24 = m*y - 8. Let v = -16 - -45. What is the remainder when v is divided by y?
5
Let k(x) = -4*x**3 - x**2 - x. Let j be k(-1). Suppose -4*d + j*m + 20 = 8, 3*d + 5*m - 49 = 0. What is the remainder when 29 is divided by d?
5
Let a = 38 + 17. What is the remainder when a is divided by 17?
4
Let c = 2 + -2. Suppose j + j + 8 = c. Calculate the remainder when 17 is divided by (-4)/(2 + j) + 4.
5
Suppose 44*i - 24 = 42*i. What is the remainder when 23 is divided by i?
11
Suppose -3*x + 22 = -7*x + i, -18 = 4*x - 3*i. Let l = x + 18. Suppose 0 = 2*r - r - 35. Calculate the remainder when r is divided by l.
11
Let y = 21 - 12. Let a = 15 - y. Calculate the remainder when 23 is divided by a.
5
Suppose -7*h + 2*h + 170 = 0. Calculate the remainder when h is divided by 10.
4
Suppose 4*b - 4 = 0, 0*t + t + 3*b = 4. What is the remainder when t is divided by 1?
0
Calculate the remainder when (-1 - (-3)/2)*(59 - 5) is divided by 11.
5
Let f be -5*-1*12/(-15). Let i = f + 1. What is the remainder when 18 is divided by 8 + (-2)/(i/3)?
8
Let b(t) = t**3 + t**2 - t. Let u be b(0). Suppose u = 4*y - 134 + 46. Suppose 0 = 11*h - 6*h - 60. Calculate the remainder when y is divided by h.
10
Let y(p) = 18 + 8*p**2 - 2 - p**3 - 8*p + p**2. What is the remainder when 28 is divided by y(8)?
12
Suppose -25*d + 30*d = 150. What is the remainder when 85 is divided by d?
25
Suppose -6*g - 12 = -9*g, -5*a = 2*g - 83. Calculate the remainder when 58 is divided by a.
13
Suppose 4*i - 26 = 310. Calculate the remainder when i is divided by (3/((-12)/16) - -38)/2.
16
Let l = -5 - 4. Let f = -1 - l. Suppose -4*x = -0*x - 88. Calculate the remainder when x is divided by f.
6
Let n(i) = -2*i**2 + i**3 - 2*i**3 - i**3. Suppose 5*x + k - 75 = 0, 2*k = -5*x + 5*k + 75. Calculate the remainder when x is divided by n(-2).
7
Suppose v - 35 + 1 = 0. Suppose -3*j + 38 = 2*l + j, 0 = l - 2*j - 27. Let d = l + -11. Calculate the remainder when v is divided by d.
10
Let u(o) = -o**2 - 3*o - 1. Let l be u(-3). Let p be ((-2 - -10) + 0)*1. What is the remainder when 11 is divided by l/((-2)/p*1)?
3
Let m(o) = -o**2 - 3*o. Let h be m(-3). Suppose 4*b = -q + 46, h = 3*b - 4*b - 5*q + 21. Calculate the remainder when 42 is divided by b.
9
Let b(l) = -13*l + 2. Calculate the remainder when b(-2) is divided by 8.
4
Suppose -4*t + 3*z - 5*z + 24 = 0, 5*z - 15 = -t. Suppose -t*u = -4*d + 63, -7*d = -3*d - 4*u - 60. What is the remainder when 21 is divided by d?
9
Suppose 0 = -4*q - 0 - 4, -2*d + 2*q = -54. Let w be ((-6)/(-4))/(1/2). Calculate the remainder when d is divided by 40/(w + 1) - 1.
8
Suppose -a + 3*n = -33, 4*n = -2*a - 8 + 24. Calculate the remainder when 85 is divided by a.
13
Let t be ((-1)/(-3))/((-2)/(-198)). Suppose 0 = 5*j - 17 - t. What is the remainder when 29 is divided by j?
9
Let t be -9 - -1 - (-1 + 2). What is the remainder when ((-3)/t)/((-2)/(-246)) is divided by 14?
13
Let h(z) = -9*z**3 - 5*z**2 - 2*z + 2. What is the remainder when h(-2) is divided by 12?
10
Let z(l) = -l**3 - l**2 + l + 1. Suppose 0 = -0*v + 5*v + 20. Let y = 5 + v. What is the remainder when z(0) is divided by y?
0
Suppose -5*k - 15 = 0, 4*j - 4*k + 0*k - 24 = 0. Suppose 4*p = -5*y + 143, p - y - 20 = j*y. Calculate the remainder when p is divided by 11.
10
Suppose -4*s + 0*s = -44. Calculate the remainder when 32 is divided by s.
10
Suppose l = -4*x + 4, 8*x + l - 3 = 5*x. Calculate the remainder when x is divided by 1.
0
Suppose -12*i = -10*i - 104. Calculate the remainder when i is divided by 11.
8
Let a = 377 + -181. Let y = -117 + a. What is the remainder when y is divided by 27?
25
Let u(c) = -c**2 - 11*c - 8. Let k = -3 - -4. Calculate the remainder when u(-10) is divided by k.
0
Suppose 286 - 102 = 4*o. Calculate the remainder when o is divided by 28.
18
Suppose 6*n + 4 = 2*n. Let r = n - 1. What is the remainder when -2 + -2 - r - -6 is divided by 2?
0
Let k be 16/24*(5 + -2). Suppose 0 = -g - 0*g + k*c + 16, 34 = g + 4*c. What is the remainder when g is divided by 6?
4
Suppose -11 = 4*m + 4*i - 91, -i + 80 = 5*m. Calculate the remainder when m is divided by 8.
7
Let l(b) = 3*b**2 - b - 5. Let a(y) = 3*y**3 - 2*y**2 + 1. Let p be a(-1). What is the remainder when l(p) is divided by 16?
15
Calculate the remainder when (-61)/(-1) - (8 - 5) is divided by 15.
13
Suppose -q + 12 = 3*u - 0*u, 2*q = 0. Let n = u + 15. What is the remainder when 37 is divided by n?
18
Let k = 38 + -32. Calculate the remainder when 10 is divided by k.
4
Let y(u) = -u**3 - 6*u**2 - u - 1. Suppose -2*f + 2 = -2. Suppose -c + 11 = f. Calculate the remainder when c is divided by y(-6).
4
Let x be (-4)/12*0 + 34. Let l = x - 13. What is the remainder when 39 is divided by l?
18
Suppose 0 = -4*v + 123 + 5. Suppose -4*t + 48 + v = 0. Suppose -o - t = -5*o. What is the remainder when o is divided by 2?
1
Let m = -14 + 11. Let y = 14 + m. Calculate the remainder when 42 is divided by y.
9
Let m = 23 + -5. Calculate the remainder when 53 is divided by m.
17
Let d = 32 - -1. What is the remainder when d is divided by 12?
9
S